at is -27 - (1 + -2) - -52?
26
What is the value of -1 + 9 - ((-8 + -2 - -15) + -9)?
12
2 + (7 - 9) + 11 - (0 + -1)
12
What is the value of 11 + (2 + 14 - 35)?
-8
What is 4 - (-9 - (-10 + -14))?
-11
Calculate -22 + (35 - -13) - (0 - (1 + -9)).
18
Evaluate (10 - 8) + 4 + 13 + -29.
-10
What is (-284 - -312) + (1 - 10)?
19
What is -6 + 3 + (3 - 2 - -8)?
6
What is (1 - 19) + (-1 - 5) + 1 + 6?
-17
(20 - (42 + -9)) + 1
-12
What is 31 + -18 + 2 + -20?
-5
What is the value of (-5 - 8) + (17 - (17 - 9))?
-4
Calculate 18 - (21 + -22 + 0).
19
Calculate -4 - 6 - -4 - -7.
1
Calculate 0 - (2 - (-20 - -13)).
-9
Evaluate 4 + 2 + 8 + 11.
25
What is the value of -80 + 63 - (-9 - -1) - -9?
0
19 + -34 + 7 + 8
0
Evaluate 12 - ((-10 - -39) + -6 + -2).
-9
What is (-10 + -18 - -33) + 1 + -12?
-6
-5 + ((1 - (0 - -13)) + 6 - -8)
-3
What is the value of 12 + -7 - -17 - (-48 + 54)?
16
What is the value of 13 - (-13 + 15) - 5?
6
Evaluate 11 - ((8 - 1 - (-11 + 17)) + -19).
29
What is the value of (-3 - -20) + (-14 + 33 - 18)?
18
What is the value of -18 - -16 - (-5 - 14)?
17
What is (18 - 34 - (2 - 10)) + -4?
-12
What is -1538 + 1524 - (-20 - (1 + -1))?
6
What is 2 + (9 + 17 - 15)?
13
What is the value of (0 - (-1 + -3) - 11) + -1?
-8
Evaluate 21 - 14 - (-3 - (-2 + -3 + 8)).
13
Calculate -4 - (-4 + 26) - -17.
-9
Evaluate 1 + -1 + -3 - (15 + -25 - 11).
18
Evaluate (0 - 21) + (-25 - -30).
-16
-20 - (-16 - -13) - -3
-14
What is (12 + (-50 - -4) - -26) + (-1 - -4)?
-5
What is the value of (-14 + 4 - (3 + 1)) + 0?
-14
Calculate -7 + 13 - (-3 + 1).
8
What is the value of 0 - (-15 + 7 - -22)?
-14
Evaluate 13 - (-10 - -6 - (-18 - -8)).
7
9 + 0 + 2 + -2 + -4 + 0
5
What is (-2 + (-1 - (-4 + 5)) - 3) + -4?
-11
What is -9 - ((-2 - 31) + 7) - 32?
-15
What is the value of -4 - 0 - ((3 - -7) + 0 + -3)?
-11
What is the value of (-29 - -23) + (8 - -3)?
5
Calculate 7 - (-5 - (0 + 10)).
22
What is the value of -16 + -6 + (0 - (7 + -3))?
-26
What is the value of (1 - 1) + 17 + 5 + -14?
8
Calculate (-2 - 1 - 0) + -3 - (23 + -31).
2
Evaluate (-8 + 10 - -10) + -3 + -5.
4
Evaluate 7 + -2 + -7 + 3 + -1.
0
Calculate 9 - 12 - (-5 - -3 - 2) - 2.
-1
What is the value of -17 + -11 - -4 - -25?
1
(-1 - 6) + (15 - (46 + -16)) + 13
-9
What is -44 + (160 - 121) + (-30 - 1 - 1)?
-37
Calculate -1 - (-14 + 1 + 18) - (-1 - 8).
3
Calculate 77 + -4 + -68 - (-1 - (1 + 9)).
16
Calculate 12 - ((9 - (2 - -12)) + 8) - 7.
2
What is the value of (-152 - -114) + -1 + 71?
32
What is 1 - ((-3 - (13 - 11)) + -12 - -7)?
11
Evaluate -9 + 14 + 10 + 0 + -17.
-2
What is the value of 9 - (-7 - (11 - 14 - 14))?
-1
What is the value of 5 + (0 - (1 + -3 + 4 + 0))?
3
Evaluate (408 - 404) + 1 + (1 - 0).
6
-8 + 18 + (-88 - -71)
-7
Calculate -2 + 3 + -5 + 16 - (6 - -28).
-22
Calculate 25 - 16 - ((-9 - -4) + (-6 - -3)).
17
What is the value of 5 + 1 + (-12 - 6) + -33 + 25?
-20
(9 + -3 - 5 - (-17 - -10)) + -34
-26
Evaluate -71 + 66 - (9 + -1).
-13
Calculate (1 - (-18 + 0)) + -175 + 167.
11
(45 - 40) + -2 + 16 + -3
16
(5 - 5) + -4 - -10 - 5 - -6
7
What is the value of -7 + -16 + (-16 - -34)?
-5
What is the value of 7 + (27 - (0 + 13)) + -22?
-1
-10 + -1 + 608 + -616
-19
Calculate 6 + (-6 + 13 - 13).
0
What is the value of (2 - 12) + (-3 + 1 - -8)?
-4
What is 4 + (-25 + 39 - (1 + 5))?
12
Evaluate -2 + 11 - ((38 - 51) + 12 + -4).
14
What is 83 + -70 - ((-1 - -1) + -2 + 6)?
9
Calculate (-11 - -2) + 11 + -3 - -8.
7
Evaluate -12 - ((-37 - (9 + -22)) + -2).
14
Calculate (-4 - (-7 + 2)) + 0 + -2 - 5.
-6
What is the value of -4 + (16 - (1 - -11) - 7)?
-7
What is 11 - (2 + -5 - -4)?
10
(1 - 1) + (-23 - (-17 - -13))
-19
(9 + 20 - 19) + -11
-1
4 - 4 - (3 + -1) - (206 - 196)
-12
What is the value of 7 + 15 + -21 - (-1 - 4)?
6
Calculate 10 + -38 - -10 - (2 - 2).
-18
Evaluate (1 - -3) + 5 + -5 + -4 + -7.
-7
6 + (-3 + -4 - 3) - 1 - 5
-10
What is the value of (1 - 7 - -10) + 1 - 7?
-2
What is the value of 1 + (-2 - (-3 - 1)) + 0?
3
What is -23 - (-73 + -26 + 56)?
20
Calculate -38 + 25 + 6 + 0 + (-11 - 2).
-20
What is 20 + (-9 - -4) - (29 - 31)?
17
What is (11 + -5 + -17 - 0 - -2) + -3?
-12
Evaluate -1 + -1 + (28 + -10 - (-8 - -10)).
14
What is 12 + 1 + -59 + 119 + -59?
14
Calculate -15 + 3 - (-164 + 148).
4
Evaluate 5 + 9 + -1 + 10 + -2 + -18.
3
Evaluate 3 + (-2 + 13 - (55 + -46)).
5
What is 251 - 238 - (-16 - 2)?
31
-1 - ((2 - -19) + -19)
-3
9 - (24 - (30 + -28))
-13
What is the value of (-9 + (-17 - -14) - -19) + (-29 - 1)?
-23
What is -33 + (-20 - -6) + 30 - 0?
-17
What is -5 + 1 + -10 + 2?
-12
What is -2 + (-10 - -15) + 2?
5
What is the value of -7 - 0 - (-233 + 233)?
-7
Calculate -7 + (-6 - (-2 - 22)) + -4.
7
What is the value of -7 + -4 - (-10 + 7 + 2 + -3)?
-7
Calculate -44 + 44 + -1 + 0 - 7.
-8
(-5 - (5 + -19)) + (97 - 93)
13
What is the value of -9 + (-56 + 48 - (-3 - -1))?
-15
6 - 2 - 16 - -20
8
Calculate 7 - (-1 - -14) - (-6 + -2 + 2).
0
What is (2 - (-25 + 3)) + 8 + -15?
17
Evaluate 8 + (5 - (-5 - (-20 + 2))) - -28.
28
What is the value of (-18 - -8) + -35 + 49?
4
What is 5 + (1 - (-22 - -4))?
24
-16 - ((-3 - -9) + -2 - 8)
-12
Calculate 21 + -1 - (-587 - -587).
20
What is (3 - 10) + (11 - -8) + 0?
12
What is the value of -15 + 0 - (-3 - (-8 + -5 - -8))?
-17
What is (-7 - -13) + -29 + 13 + -7?
-17
Evaluate -766 - -779 - (-2 - 15 - -1).
29
23 - ((0 - 2) + 21) - (-1 + 32)
-27
Calculate 7 - (-12 + 7 + -4 - -10).
6
-1 + -12 - ((19 - 27) + (14 - 8))
-11
Calculate -290 + 289 + 0 + -5.
-6
Evaluate (186 - 192) + (2 - (2 - 20)).
14
Calculate -17 - (17 - 25) - -11.
2
-2 - ((4 - 8) + 1) - (-5 - -15)
-9
-7 + (-30 - -2 - (1 + -2) - -8)
-26
Calculate 0 - -11 - (-28 + 29 - (-2 - -5)).
13
Evaluate -1 + 4 - (-3 + (-2 - 12) + 8).
12
What is the value of 3 - (12 - 6 - (13 - 6))?
4
Calculate -27 + 14 + 0 + -7.
-20
Evaluate (4 - (-8 - -4)) + -12.
-4
Evaluate -3 - (24 - 29) - 4.
-2
(-20 - -1) + (-118 - -121)
-16
Evaluate 30 + (32 - 6 - 53).
3
Evaluate 7 + -45 + 24 + 9.
-5
Calculate 0 - ((-16 - -16) + 12).
-12
Evaluate 8 + 7 - (3 - -3) - (2 - 1).
8
(-36 - -23 - (-30 + 11)) + -14
-8
What is 18 - (-8 + 11 + -1 - -7) - 24?
-15
What is the value of -63 + 64 - (7 + -7)?
1
6 + (-18 - (-15 + -14)) + -28
-11
Evaluate 29 + (-66 + 13 - 4).
-28
(2 - (-3 + -3)) + (-8 - 4)
-4
2 - 6 - (-15 + -3 + -2 + 7)
9
Calculate 9 + -11 + 3 - -24 - 8.
17
Evaluate -16 + (-3 - -22) + (0 - -2).
5
What is the value of (-6 - (3 + -6)) + 5 + -11?
-9
What is 4 + 20 - 20 - -7 - 17?
-6
Calculate -53 + 53 - (4 + (-6 - -2)).
0
Calculate -4 + -11 - (31 - 25).
-21
What is -4 + (-10 - ((4 - 3) + -4))?
-11
What is 37 + -4 + 1 + -2 + 1?
33
What is 11 + 0 + (-7 - 11) + 15 + -7?
1
What is the value of -18 + (14 - -3) + -109 + 93?
-17
What is the value of -19 + -7 - (-23 + 8)?
-11
Evaluate (-10 - 11) + 12 + 27.
18
Evaluate (1 - 2) + (-18 - 0) + 33 + -4.
10
(8 + -6 - 2 - 6 - -5) + 4
3
-496 + 512 + (-1 - -1)
16
Evaluate -19 + 11 + 8 + 3 + (-38 - -7).
-28
-55 + 47 - ((-1 - 1) + -20) - 2
12
Evaluate -15 + 69 + -27 + -46.
-19
What is the value of -2 - 7 - (2 + -7 - -6)?
-10
What is the value of (6 + -7 - 0 - -10) + -2 + -1?
6
Calculate 6 + 4 + -35 + 13 + -5.
-17
0 - 3 - ((-17 + 5 - -10) + -5)
4
9 + 12 + (-16 - (-11 + 6)) + 0
10
Calculate 12 - (-6 - (1 - (12 + -6 + -1))).
14
What is -19 + (17 - (4 + -4)) + 32?
30
15 + (-6 - (16 - 5)) - 8
-10
Calculate (-3 - -22 - 16) + 10.
13
What is the value of 12 + (3 - (-9 + 12)) + -20?
-8
Calculate 3 + -3 + 42 + (165 - 170).
37
What is -13 - (0 - 6 - (-82 + 77))?
-12
(-5 - 10) + -7 + 21
-1
What is 11 + (-35 - 13) + 30?
-7
0 - (-4 + -39 + 47)
-4
Calculate -8 - (13 + -15) - 7.
-13
Calculate 18 + (-35 - -10) - (15 + -54).
32
Calculate 10 - (31 + 27 + -47).
-1
(7 - 15 - 0 - 0) + (-3 - -4)
-7
Evaluate (-23 - -24) + 19 + -42.
-22
What is 8 + -4 + -14 + (5 - 3) + 3?
-5
What is the value of (-8 - 1 - (-16 + -6)) + -7?
6
What is the value of -4 - ((1 - -2) + 2 - (2 - -30))?
23
Calculate 4 - 6 - -33 - 20.
11
42 - 51 - (21 + -7)
-23
What is (-33 + 4 - -46) + 1 + -4?
14
What is -58 - -64 - (0 - 5)?
11
What is the value of 17 + (-13 - (18 + -29 + -20))?
35
What is -1 + 1 - ((-2 - -15) + -7)?
-6
Calculate -5 + (-1 - 14) - -16.
-4
What is 1 - ((-13 - (17 - 38)) + 13)?
-20
-17 + 0 + 3 - -2
-12
What is the value of -22 - (-32 + 26 + -11)?
-5
Evaluate (-12 - -3 - 14) + 50.
27
Evaluate 6 + -16